 is the remainder when 1385224 is divided by 2193?
1441
What is the remainder when 14260941 is divided by 304?
301
Calculate the remainder when 3654875 is divided by 53748.
11
Calculate the remainder when 2670559 is divided by 8.
7
What is the remainder when 2102838 is divided by 1356?
1038
Calculate the remainder when 266719 is divided by 14008.
567
Calculate the remainder when 56005 is divided by 18477.
574
Calculate the remainder when 1579985 is divided by 83.
80
What is the remainder when 8020092 is divided by 471770?
2
What is the remainder when 351922 is divided by 15996?
10
What is the remainder when 791693 is divided by 34421?
10
What is the remainder when 2464526 is divided by 10398?
200
What is the remainder when 664944 is divided by 166235?
4
Calculate the remainder when 117358 is divided by 29312.
110
What is the remainder when 1263188 is divided by 3289?
212
What is the remainder when 5679119 is divided by 631013?
2
What is the remainder when 1258016 is divided by 14?
4
Calculate the remainder when 267823 is divided by 89115.
478
Calculate the remainder when 3299841 is divided by 37498.
17
Calculate the remainder when 5228489 is divided by 513.
506
What is the remainder when 406849 is divided by 101271?
1765
What is the remainder when 2624976 is divided by 119316?
24
What is the remainder when 131229 is divided by 390?
189
What is the remainder when 146586739 is divided by 349849?
8
What is the remainder when 90640175 is divided by 984?
983
What is the remainder when 1037812 is divided by 183?
19
Calculate the remainder when 110954 is divided by 634.
4
Calculate the remainder when 1957597 is divided by 1751.
1730
Calculate the remainder when 160596 is divided by 80035.
526
What is the remainder when 2103629 is divided by 4881?
4799
Calculate the remainder when 220777239 is divided by 4245716.
7
What is the remainder when 11795195 is divided by 124?
67
Calculate the remainder when 80798 is divided by 40379.
40
What is the remainder when 6676080 is divided by 242?
26
What is the remainder when 15597310 is divided by 264361?
11
Calculate the remainder when 55111 is divided by 796.
187
Calculate the remainder when 934891 is divided by 50.
41
Calculate the remainder when 8014521 is divided by 3098.
3093
What is the remainder when 138666 is divided by 3701?
1729
What is the remainder when 498665 is divided by 166221?
2
Calculate the remainder when 160466 is divided by 2393.
135
Calculate the remainder when 15297333 is divided by 4.
1
Calculate the remainder when 2706404 is divided by 159185.
259
Calculate the remainder when 67449 is divided by 2172.
117
Calculate the remainder when 67998882 is divided by 109.
104
What is the remainder when 64005900 is divided by 914370?
0
What is the remainder when 1963130 is divided by 3420?
50
What is the remainder when 1899983 is divided by 1900?
1883
Calculate the remainder when 1510355 is divided by 962.
15
What is the remainder when 9940781 is divided by 9940743?
38
Calculate the remainder when 103775 is divided by 567.
14
Calculate the remainder when 8923461 is divided by 396.
393
What is the remainder when 4584309 is divided by 377?
366
Calculate the remainder when 5995659 is divided by 731.
728
What is the remainder when 5424051 is divided by 117914?
7
Calculate the remainder when 113350 is divided by 56662.
26
Calculate the remainder when 63742 is divided by 10441.
1096
Calculate the remainder when 44008 is divided by 14608.
184
Calculate the remainder when 464387 is divided by 4684.
671
Calculate the remainder when 202664365 is divided by 30.
25
What is the remainder when 476990 is divided by 1247?
636
What is the remainder when 1685788 is divided by 474?
244
Calculate the remainder when 1506446 is divided by 46.
38
What is the remainder when 213166 is divided by 106478?
210
What is the remainder when 216236 is divided by 19657?
9
What is the remainder when 27667 is divided by 27?
19
What is the remainder when 14925372 is divided by 27386?
2
Calculate the remainder when 960448330 is divided by 401.
398
What is the remainder when 308538 is divided by 102700?
438
What is the remainder when 11725656 is divided by 509811?
3
What is the remainder when 96521968 is divided by 77?
4
What is the remainder when 59824 is divided by 59735?
89
What is the remainder when 1366728 is divided by 1366697?
31
Calculate the remainder when 38594207 is divided by 756749.
8
What is the remainder when 326456 is divided by 257?
66
Calculate the remainder when 2333320 is divided by 25922.
340
What is the remainder when 27190 is divided by 2757?
2377
What is the remainder when 1116499 is divided by 821?
760
Calculate the remainder when 93570 is divided by 3594.
126
Calculate the remainder when 486256731 is divided by 1294.
1293
What is the remainder when 18321414 is divided by 129939?
15
Calculate the remainder when 56515985 is divided by 90.
35
Calculate the remainder when 4646 is divided by 3231.
1415
Calculate the remainder when 5533360 is divided by 71861.
63
What is the remainder when 35819041 is divided by 1279250?
41
Calculate the remainder when 2490635 is divided by 1142.
1075
Calculate the remainder when 7150726 is divided by 9547.
23
Calculate the remainder when 3766979 is divided by 35.
34
Calculate the remainder when 31504048 is divided by 76.
72
Calculate the remainder when 92067046 is divided by 2845.
1
Calculate the remainder when 3622800 is divided by 49623.
321
Calculate the remainder when 846410 is divided by 418.
378
Calculate the remainder when 91383323 is divided by 13.
5
What is the remainder when 443061 is divided by 73839?
27
Calculate the remainder when 81130639 is divided by 1563.
1561
What is the remainder when 3768580 is divided by 471017?
444
Calculate the remainder when 91164 is divided by 7235.
4344
Calculate the remainder when 153427 is divided by 560.
547
What is the remainder when 1947024 is divided by 42?
30
Calculate the remainder when 31939744 is divided by 2851.
2842
What is the remainder when 112493 is divided by 1090?
223
What is the remainder when 8298 is divided by 8280?
18
Calculate the remainder when 426388847 is divided by 63.
59
Calculate the remainder when 3410505 is divided by 1136716.
357
Calculate the remainder when 5126181 is divided by 1025208.
141
Calculate the remainder when 2040596 is divided by 6625.
96
What is the remainder when 40628 is divided by 20008?
612
Calculate the remainder when 15565973 is divided by 41.
36
What is the remainder when 396258 is divided by 75?
33
Calculate the remainder when 30008124 is divided by 272.
268
What is the remainder when 5358 is divided by 325?
158
What is the remainder when 5820405 is divided by 59?
55
Calculate the remainder when 1285751 is divided by 706.
125
Calculate the remainder when 33475571 is divided by 697407.
35
What is the remainder when 8062127 is divided by 10?
7
Calculate the remainder when 263753 is divided by 1381.
1363
Calculate the remainder when 131982 is divided by 929.
64
Calculate the remainder when 6735158 is divided by 56.
38
What is the remainder when 371915 is divided by 74174?
1045
What is the remainder when 16607 is divided by 4931?
1814
What is the remainder when 61574 is divided by 752?
662
Calculate the remainder when 288548519 is divided by 2143.
2141
What is the remainder when 30025927 is divided by 22?
19
What is the remainder when 4951712 is divided by 4465?
27
What is the remainder when 3418 is divided by 1376?
666
What is the remainder when 179859 is divided by 9?
3
Calculate the remainder when 1124626 is divided by 252.
202
Calculate the remainder when 11504371 is divided by 1989.
1984
What is the remainder when 1812865 is divided by 65?
15
Calculate the remainder when 29507475 is divided by 73.
72
Calculate the remainder when 2118624 is divided by 495.
24
Calculate the remainder when 1220690 is divided by 19.
16
Calculate the remainder when 852034 is divided by 146.
124
Calculate the remainder when 1115600 is divided by 2101.
2070
Calculate the remainder when 2438486 is divided by 272.
6
What is the remainder when 716778 is divided by 10691?
481
Calculate the remainder when 1581218 is divided by 442.
184
What is the remainder when 3187634 is divided by 66409?
2
What is the remainde